 156.
39
What is the greatest common divisor of 34 and 14263?
17
What is the highest common divisor of 55 and 33?
11
Calculate the greatest common factor of 100 and 75.
25
Calculate the greatest common factor of 26 and 260.
26
What is the highest common divisor of 4686 and 66?
66
What is the greatest common factor of 235 and 282?
47
What is the highest common factor of 14 and 322?
14
Calculate the highest common divisor of 15 and 2190.
15
Calculate the highest common factor of 77 and 6545.
77
Calculate the highest common factor of 36 and 336.
12
Calculate the greatest common factor of 952 and 728.
56
Calculate the greatest common factor of 5416 and 16.
8
What is the highest common divisor of 18 and 10?
2
Calculate the highest common factor of 18 and 13518.
18
What is the greatest common factor of 3564 and 165?
33
Calculate the highest common factor of 21 and 84567.
21
What is the greatest common factor of 47038 and 58?
58
What is the highest common factor of 90 and 594?
18
Calculate the greatest common divisor of 58 and 203.
29
Calculate the highest common divisor of 500 and 30.
10
What is the greatest common factor of 81 and 9?
9
Calculate the greatest common divisor of 243 and 162.
81
What is the highest common divisor of 6 and 2?
2
What is the greatest common divisor of 890 and 410?
10
What is the greatest common factor of 9 and 279?
9
Calculate the highest common divisor of 546 and 2444.
26
What is the highest common factor of 112 and 203?
7
Calculate the greatest common divisor of 440 and 3300.
220
Calculate the highest common divisor of 1040 and 65.
65
Calculate the greatest common divisor of 125 and 3625.
125
What is the highest common divisor of 12 and 3526?
2
What is the highest common factor of 2 and 278?
2
Calculate the greatest common factor of 6219 and 9.
9
Calculate the highest common divisor of 294 and 84.
42
What is the highest common divisor of 154 and 42?
14
Calculate the greatest common divisor of 21 and 651.
21
Calculate the greatest common divisor of 584 and 8.
8
Calculate the greatest common factor of 84 and 552.
12
What is the greatest common factor of 7376 and 16?
16
Calculate the greatest common divisor of 62 and 124.
62
Calculate the greatest common factor of 36 and 1772.
4
What is the greatest common factor of 90 and 2439?
9
Calculate the highest common factor of 26 and 182.
26
What is the highest common divisor of 9 and 12?
3
Calculate the highest common divisor of 92 and 3404.
92
What is the greatest common divisor of 24 and 36?
12
What is the highest common divisor of 485 and 291?
97
What is the greatest common divisor of 1606 and 73?
73
What is the highest common divisor of 20 and 164?
4
Calculate the highest common divisor of 1378 and 104.
26
Calculate the greatest common divisor of 47 and 940.
47
What is the highest common divisor of 1476 and 656?
164
What is the highest common divisor of 54 and 99?
9
What is the greatest common factor of 3973 and 29?
29
Calculate the greatest common divisor of 756 and 140.
28
What is the greatest common divisor of 350 and 70?
70
Calculate the highest common divisor of 34 and 34.
34
Calculate the highest common factor of 875 and 125.
125
What is the greatest common factor of 51 and 52683?
51
Calculate the greatest common factor of 16 and 10096.
16
What is the greatest common divisor of 2751 and 21?
21
What is the highest common factor of 1530 and 1080?
90
What is the highest common divisor of 42 and 462?
42
What is the greatest common factor of 110 and 105?
5
What is the greatest common divisor of 16 and 44?
4
What is the highest common divisor of 32185 and 82?
41
Calculate the greatest common divisor of 46 and 4439.
23
What is the greatest common factor of 11 and 30?
1
What is the highest common divisor of 5464 and 32?
8
Calculate the greatest common divisor of 256 and 8.
8
Calculate the greatest common factor of 131 and 35501.
131
What is the highest common factor of 46144 and 112?
112
What is the highest common divisor of 25 and 25?
25
What is the highest common divisor of 78 and 429?
39
What is the highest common factor of 238 and 1316?
14
Calculate the greatest common factor of 43 and 1677.
43
What is the greatest common divisor of 21 and 336?
21
Calculate the greatest common factor of 195 and 1521.
39
Calculate the highest common divisor of 288 and 90.
18
What is the highest common factor of 31449 and 33?
33
Calculate the greatest common divisor of 595 and 170.
85
Calculate the highest common divisor of 901 and 527.
17
Calculate the highest common factor of 21 and 1981.
7
Calculate the greatest common divisor of 261 and 2523.
87
What is the greatest common factor of 87 and 5829?
87
Calculate the highest common factor of 2546 and 1474.
134
Calculate the greatest common divisor of 338 and 26.
26
What is the highest common factor of 340 and 40?
20
What is the highest common factor of 1311 and 19?
19
Calculate the highest common factor of 720 and 405.
45
Calculate the highest common divisor of 3177 and 9.
9
What is the greatest common divisor of 101 and 1?
1
What is the highest common factor of 2 and 35?
1
Calculate the greatest common divisor of 167 and 13694.
167
What is the highest common factor of 98 and 56?
14
Calculate the highest common factor of 754 and 58.
58
What is the highest common factor of 46 and 6?
2
What is the greatest common divisor of 145 and 2755?
145
Calculate the greatest common factor of 363 and 3.
3
What is the highest common divisor of 36 and 576?
36
What is the greatest common divisor of 30 and 130?
10
Calculate the greatest common factor of 17277 and 156.
39
Calculate the highest common divisor of 20 and 250.
10
What is the highest common divisor of 384 and 132?
12
What is the highest common divisor of 114 and 171?
57
What is the greatest common divisor of 308 and 396?
44
Calculate the highest common factor of 576 and 36.
36
Calculate the greatest common divisor of 48 and 24.
24
What is the greatest common divisor of 1 and 167?
1
What is the highest common factor of 2 and 83?
1
Calculate the highest common factor of 492 and 8.
4
What is the highest common divisor of 4538 and 6?
2
What is the highest common divisor of 459 and 189?
27
Calculate the highest common factor of 34 and 14.
2
Calculate the greatest common divisor of 183 and 1220.
61
Calculate the greatest common factor of 4611 and 87.
87
What is the highest common factor of 40 and 1828?
4
What is the greatest common divisor of 826 and 26845?
413
Calculate the highest common factor of 201 and 6.
3
Calculate the highest common divisor of 282 and 2021.
47
What is the highest common divisor of 47 and 1081?
47
Calculate the highest common factor of 1330 and 95.
95
Calculate the greatest common factor of 4461 and 3.
3
Calculate the highest common factor of 95 and 5.
5
Calculate the greatest common divisor of 180 and 216.
36
Calculate the highest common divisor of 42 and 784.
14
What is the greatest common divisor of 3417 and 204?
51
What is the highest common divisor of 270 and 3915?
135
What is the greatest common factor of 146 and 14?
2
Calculate the highest common divisor of 17 and 833.
17
What is the greatest common divisor of 13 and 533?
13
What is the greatest common factor of 1140 and 540?
60
What is the greatest common divisor of 400 and 32?
16
What is the highest common divisor of 30 and 340?
10
What is the highest common divisor of 12608 and 192?
64
Calculate the highest common divisor of 120 and 140.
20
What is the highest common divisor of 9 and 27?
9
Calculate the highest common factor of 112 and 42.
14
Calculate the highest common factor of 36 and 172.
4
Calculate the highest common factor of 20 and 2935.
5
What is the highest common factor of 76 and 9728?
76
Calculate the highest common divisor of 1 and 81.
1
What is the greatest common divisor of 287 and 410?
41
Calculate the highest common factor of 791 and 7.
7
Calculate the greatest common factor of 33 and 27.
3
What is the highest common divisor of 72 and 2682?
18
Calculate the greatest common factor of 14 and 875.
7
Calculate the greatest common factor of 60 and 855.
15
What is the greatest common divisor of 140 and 100?
20
Calculate the greatest common factor of 148 and 17908.
148
Calculate the greatest common divisor o